{"id":1640,"date":"2019-12-04T19:43:46","date_gmt":"2019-12-04T18:43:46","guid":{"rendered":"https:\/\/uhqebgrenoble.live-website.com\/?page_id=1640"},"modified":"2025-10-08T21:39:09","modified_gmt":"2025-10-08T20:39:09","slug":"vie-du-quartier","status":"publish","type":"page","link":"https:\/\/uhqeb-grenoble.fr\/?page_id=1640","title":{"rendered":"Cadre de vie"},"content":{"rendered":"\n<p><strong>Notre quartier accueille<\/strong><\/p>\n\n\n\n<ul class=\"wp-block-list\">\n<li>plus de 60 commerces (alimentation, sant\u00e9, services&#8230;)<\/li>\n<\/ul>\n\n\n\n<ul class=\"wp-block-list\">\n<li>10 \u00e9tablissements scolaires (maternelle, primaire, coll\u00e8ge, lyc\u00e9e) <\/li>\n<\/ul>\n\n\n\n<ul class=\"wp-block-list\">\n<li>6 parcs dont le grand parc Paul Mistral<\/li>\n<\/ul>\n\n\n\n<ul class=\"wp-block-list\">\n<li>4 \u00e9tablissements culturels et sportifs<\/li>\n<\/ul>\n\n\n\n<ul class=\"wp-block-list\">\n<li>plusieurs associations, et un verger au niveau du square Bajati\u00e8re avecun composte partag\u00e9<\/li>\n<\/ul>\n\n\n\n<figure class=\"wp-block-image size-large\"><img loading=\"lazy\" decoding=\"async\" width=\"764\" height=\"767\" src=\"https:\/\/uhqeb-grenoble.fr\/wp-content\/uploads\/2020\/04\/Services_Baja.png\" alt=\"\" class=\"wp-image-2110\" srcset=\"https:\/\/uhqeb-grenoble.fr\/wp-content\/uploads\/2020\/04\/Services_Baja.png 764w, https:\/\/uhqeb-grenoble.fr\/wp-content\/uploads\/2020\/04\/Services_Baja-300x300.png 300w, https:\/\/uhqeb-grenoble.fr\/wp-content\/uploads\/2020\/04\/Services_Baja-150x150.png 150w, https:\/\/uhqeb-grenoble.fr\/wp-content\/uploads\/2020\/04\/Services_Baja-465x467.png 465w, https:\/\/uhqeb-grenoble.fr\/wp-content\/uploads\/2020\/04\/Services_Baja-498x500.png 498w\" sizes=\"auto, (max-width: 764px) 100vw, 764px\" \/><\/figure>\n\n\n\n<p><strong>Carte interactive des commerces <em>(remplissage en cours)<\/em> :<\/strong><\/p>\n\n\n<style type=\"text\/css\" id=\"umsMapStyles_1_98572\">\r\n    #ultimate_maps_1_98572 {\r\n        width: 100%;\r\n        height: 600px;\r\n                border: 0px solid ;\r\n        margin: 0px;\r\n    }\r\n    #mapsControlsNum_1_98572 {\r\n        width:100%    }\r\n    .umsMapDetailsContainer#umsMapDetailsContainer_1_98572 {\r\n        height:600px;\r\n    }\r\n    .ums_MapPreview#ultimate_maps_1_98572 {\r\n        \/*position:absolute;*\/\r\n        width:100%;\r\n    }\r\n    #mapConElem_1_98572{\r\n        width:100%    }\r\n    <\/style><div class=\"ums_map_opts\" id=\"mapConElem_1_98572\" data-id=\"1\" data-view-id=\"1_98572\" > <div class=\"umsMapDetailsContainer\" id=\"umsMapDetailsContainer_1_98572\"> <i class=\"umsKMLLayersPreloader fa fa-spinner fa-spin\" aria-hidden=\"true\" style=\"display: none;\"><\/i> <div class=\"ums_MapPreview \" id=\"ultimate_maps_1_98572\"><\/div> <\/div> <div class=\"umsMapMarkerFilters\" id=\"umsMapMarkerFilters_1_98572\"> <\/div> <div class=\"umsMapProControlsCon\" id=\"umsMapProControlsCon_1_98572\"> <a title=\"WordPress Map Plugin\" style=\"display:none;\" href=\"https:\/\/supsystic.com\/plugins\/google-maps-plugin\/?utm_medium=love_link_hide\" target=\"_blank\">WordPress Map Plugin<\/a><div style=\"clear: both;\"><\/div> <\/div> <div class=\"umsMapProDirectionsCon\" id=\"umsMapProDirectionsCon_1_98572\" > <\/div> <div class=\"umsMapProKmlFilterCon\" id=\"umsMapProKmlFilterCon_1_98572\" > <\/div> <div class=\"umsSocialSharingShell umsSocialSharingShell_1_98572\"> <\/div> <div style=\"clear: both;\"><\/div> <\/div>\n\n\n\n<p><strong>Quelques \u00e9l\u00e9ments sur la &#8220;qualit\u00e9&#8221; du quartier : <\/strong><\/p>\n\n\n\n<ul class=\"wp-block-list\">\n<li>la Qualit\u00e9 de l&#8217;air -&gt; <a href=\"https:\/\/uhqeb-grenoble.fr\/qualite-de-lair\">en savoir plus<\/a><\/li>\n\n\n\n<li>la Qualit\u00e9 sonore -&gt; <a href=\"https:\/\/uhqeb-grenoble.fr\/qualite-sonore\">en_savoir_plus<\/a><\/li>\n\n\n\n<li>la Qualit\u00e9 d&#8217;ensoleillement -&gt; <a href=\"https:\/\/uhqeb-grenoble.fr\/qualite-densoleillement\">en_savoir_plus<\/a><\/li>\n<\/ul>\n\n\n\n<h2 class=\"wp-block-heading\">Nos Actions pour le Cadre de Vie :<\/h2>\n\n\n\n<p><span style=\"color:#0693e3\" class=\"tadv-color\"><strong>Nos &#8220;Tour de Quartier&#8221; : <\/strong> <\/span><\/p>\n\n\n\n<p>Nous effectuons deux &#8220;Tour de Quartier&#8221; par an (vers Juin et Octobre), entre habitants motiv\u00e9s pour :<\/p>\n\n\n\n<ul class=\"wp-block-list\">\n<li>Observer les r\u00e9alisations, <\/li>\n\n\n\n<li>Interroger \/ Proposer des \u00e9volutions, <\/li>\n\n\n\n<li>R\u00e9f\u00e9rencer et signaler des incidents et des d\u00e9t\u00e9riorations,<\/li>\n\n\n\n<li>L&#8217;ensemble est synth\u00e9tis\u00e9 dans un tableau de suivi. <\/li>\n<\/ul>\n\n\n\n<p><span style=\"color:#0693e3\" class=\"tadv-color\"><strong>Actions pour l&#8217;Embellissements :<\/strong><\/span><\/p>\n\n\n\n<p>Nous encourageons l&#8217;embellissement du quartier et son ? fleurissement avec l&#8217;organisation d&#8217;un march\u00e9 aux fleurs (une fois par an au printemps) et nous soutenons l&#8217;initiative &#8220;balcons fleuris&#8221;.<\/p>\n\n\n\n<p>Nous initions tous les habitants au jardinage et au fleurissement gr\u00e2ce \u00e0 notre vergers partag\u00e9 de Jean Perrot, c&#8217;est le lieu de rencontre des jardiniers en herbe du quartier ! Si vous passez par l\u00e0 n&#8217;h\u00e9sitez pas \u00e0 donner un peu d&#8217;eau ? aux plantes en d\u00e9veloppement, vous pourrez cueillir quelques framboises ou feuilles de salades de saison en \u00e9change ! <\/p>\n\n\n\n<p><strong><span style=\"color:#0693e3\" class=\"tadv-color\">De plus :<\/span><\/strong><\/p>\n\n\n\n<ul class=\"wp-block-list\">\n<li>Nous r\u00e9f\u00e9ren\u00e7ons les travaux ? en cours et \u00e0 venir, <a href=\"https:\/\/uhqeb-grenoble.fr\/category\/travaux\">lien vers articles &#8220;Travaux&#8221;<\/a> pour \u00eatre redirig\u00e9 vers nos derniers articles \u00e0 ce sujet. <\/li>\n<\/ul>\n\n\n\n<ul class=\"wp-block-list\">\n<li>La &#8220;Pr\u00e9vention et la S\u00e9curit\u00e9&#8221; sont des \u00e9l\u00e9ments importants pour conserver un cadre de vie agr\u00e9able. Nous souhaitons faire un point annuel avec les services de police (PN\/PM) d&#8217;une part et avec les associations et institutions impliqu\u00e9es dans la pr\u00e9vention d&#8217;autre part. Nous avons d&#8217;ores et d\u00e9j\u00e0 ouvert un outil permettant d&#8217;effectuer des signalements entre voisins. Cliquez-&gt;<a href=\"https:\/\/uhqeb-grenoble.fr\/vigilance-citoyenne\"> Voisins Vigilants<\/a> pour en savoir plus. <\/li>\n<\/ul>\n\n\n\n<ul class=\"wp-block-list\">\n<li>Nous encourageons l&#8217;entraide et la solidarit\u00e9 entre habitants. Cliquez-&gt; <a href=\"https:\/\/uhqeb-grenoble.fr\/entraide-solidarite\">Entraide &amp; Solidarit\u00e9<\/a> pour rentrer dans le cercle. <\/li>\n<\/ul>\n\n\n\n<p><\/p>\n","protected":false},"excerpt":{"rendered":"<p>Notre quartier accueille Carte interactive des commerces (remplissage en cours) : Quelques \u00e9l\u00e9ments sur la &#8220;qualit\u00e9&#8221; du quartier : Nos Actions pour le Cadre de Vie : Nos &#8220;Tour de Quartier&#8221; : Nous effectuons deux &#8220;Tour de Quartier&#8221; par an (vers Juin et Octobre), entre habitants motiv\u00e9s pour : Actions<span class=\"more-link\"><a href=\"https:\/\/uhqeb-grenoble.fr\/?page_id=1640\">Lire la suite<\/a><\/span><\/p>\n","protected":false},"author":1,"featured_media":0,"parent":0,"menu_order":0,"comment_status":"closed","ping_status":"closed","template":"","meta":{"footnotes":""},"class_list":["entry","author-parcmistral","post-1640","page","type-page","status-publish"],"post_mailing_queue_ids":[],"_links":{"self":[{"href":"https:\/\/uhqeb-grenoble.fr\/index.php?rest_route=\/wp\/v2\/pages\/1640","targetHints":{"allow":["GET"]}}],"collection":[{"href":"https:\/\/uhqeb-grenoble.fr\/index.php?rest_route=\/wp\/v2\/pages"}],"about":[{"href":"https:\/\/uhqeb-grenoble.fr\/index.php?rest_route=\/wp\/v2\/types\/page"}],"author":[{"embeddable":true,"href":"https:\/\/uhqeb-grenoble.fr\/index.php?rest_route=\/wp\/v2\/users\/1"}],"replies":[{"embeddable":true,"href":"https:\/\/uhqeb-grenoble.fr\/index.php?rest_route=%2Fwp%2Fv2%2Fcomments&post=1640"}],"version-history":[{"count":41,"href":"https:\/\/uhqeb-grenoble.fr\/index.php?rest_route=\/wp\/v2\/pages\/1640\/revisions"}],"predecessor-version":[{"id":3065,"href":"https:\/\/uhqeb-grenoble.fr\/index.php?rest_route=\/wp\/v2\/pages\/1640\/revisions\/3065"}],"wp:attachment":[{"href":"https:\/\/uhqeb-grenoble.fr\/index.php?rest_route=%2Fwp%2Fv2%2Fmedia&parent=1640"}],"curies":[{"name":"wp","href":"https:\/\/api.w.org\/{rel}","templated":true}]}}

<p><strong>Notre quartier accueille</strong></p>



<ul class="wp-block-list">
<li>plus de 60 commerces (alimentation, santé, services&#8230;)</li>
</ul>



<ul class="wp-block-list">
<li>10 établissements scolaires (maternelle, primaire, collège, lycée) </li>
</ul>



<ul class="wp-block-list">
<li>6 parcs dont le grand parc Paul Mistral</li>
</ul>



<ul class="wp-block-list">
<li>4 établissements culturels et sportifs</li>
</ul>



<ul class="wp-block-list">
<li>plusieurs associations, et un verger au niveau du square Bajatière avecun composte partagé</li>
</ul>



<figure class="wp-block-image size-large"><img loading="lazy" decoding="async" width="764" height="767" src="https://uhqeb-grenoble.fr/wp-content/uploads/2020/04/Services_Baja.png" alt="" class="wp-image-2110" srcset="https://uhqeb-grenoble.fr/wp-content/uploads/2020/04/Services_Baja.png 764w, https://uhqeb-grenoble.fr/wp-content/uploads/2020/04/Services_Baja-300x300.png 300w, https://uhqeb-grenoble.fr/wp-content/uploads/2020/04/Services_Baja-150x150.png 150w, https://uhqeb-grenoble.fr/wp-content/uploads/2020/04/Services_Baja-465x467.png 465w, https://uhqeb-grenoble.fr/wp-content/uploads/2020/04/Services_Baja-498x500.png 498w" sizes="auto, (max-width: 764px) 100vw, 764px" /></figure>



<p><strong>Carte interactive des commerces <em>(remplissage en cours)</em> :</strong></p>


<style type="text/css" id="umsMapStyles_1_98572">
    #ultimate_maps_1_98572 {
        width: 100%;
        height: 600px;
                border: 0px solid ;
        margin: 0px;
    }
    #mapsControlsNum_1_98572 {
        width:100%    }
    .umsMapDetailsContainer#umsMapDetailsContainer_1_98572 {
        height:600px;
    }
    .ums_MapPreview#ultimate_maps_1_98572 {
        /*position:absolute;*/
        width:100%;
    }
    #mapConElem_1_98572{
        width:100%    }
    </style><div class="ums_map_opts" id="mapConElem_1_98572" data-id="1" data-view-id="1_98572" > <div class="umsMapDetailsContainer" id="umsMapDetailsContainer_1_98572"> <i class="umsKMLLayersPreloader fa fa-spinner fa-spin" aria-hidden="true" style="display: none;"></i> <div class="ums_MapPreview " id="ultimate_maps_1_98572"></div> </div> <div class="umsMapMarkerFilters" id="umsMapMarkerFilters_1_98572"> </div> <div class="umsMapProControlsCon" id="umsMapProControlsCon_1_98572"> <a title="WordPress Map Plugin" style="display:none;" href="https://supsystic.com/plugins/google-maps-plugin/?utm_medium=love_link_hide" target="_blank">WordPress Map Plugin</a><div style="clear: both;"></div> </div> <div class="umsMapProDirectionsCon" id="umsMapProDirectionsCon_1_98572" > </div> <div class="umsMapProKmlFilterCon" id="umsMapProKmlFilterCon_1_98572" > </div> <div class="umsSocialSharingShell umsSocialSharingShell_1_98572"> </div> <div style="clear: both;"></div> </div>



<p><strong>Quelques éléments sur la &#8220;qualité&#8221; du quartier : </strong></p>



<ul class="wp-block-list">
<li>la Qualité de l&#8217;air -&gt; <a href="https://uhqeb-grenoble.fr/qualite-de-lair">en savoir plus</a></li>



<li>la Qualité sonore -&gt; <a href="https://uhqeb-grenoble.fr/qualite-sonore">en_savoir_plus</a></li>



<li>la Qualité d&#8217;ensoleillement -&gt; <a href="https://uhqeb-grenoble.fr/qualite-densoleillement">en_savoir_plus</a></li>
</ul>



<h2 class="wp-block-heading">Nos Actions pour le Cadre de Vie :</h2>



<p><span style="color:#0693e3" class="tadv-color"><strong>Nos &#8220;Tour de Quartier&#8221; : </strong> </span></p>



<p>Nous effectuons deux &#8220;Tour de Quartier&#8221; par an (vers Juin et Octobre), entre habitants motivés pour :</p>



<ul class="wp-block-list">
<li>Observer les réalisations, </li>



<li>Interroger / Proposer des évolutions, </li>



<li>Référencer et signaler des incidents et des détériorations,</li>



<li>L&#8217;ensemble est synthétisé dans un tableau de suivi. </li>
</ul>



<p><span style="color:#0693e3" class="tadv-color"><strong>Actions pour l&#8217;Embellissements :</strong></span></p>



<p>Nous encourageons l&#8217;embellissement du quartier et son ? fleurissement avec l&#8217;organisation d&#8217;un marché aux fleurs (une fois par an au printemps) et nous soutenons l&#8217;initiative &#8220;balcons fleuris&#8221;.</p>



<p>Nous initions tous les habitants au jardinage et au fleurissement grâce à notre vergers partagé de Jean Perrot, c&#8217;est le lieu de rencontre des jardiniers en herbe du quartier ! Si vous passez par là n&#8217;hésitez pas à donner un peu d&#8217;eau ? aux plantes en développement, vous pourrez cueillir quelques framboises ou feuilles de salades de saison en échange ! </p>



<p><strong><span style="color:#0693e3" class="tadv-color">De plus :</span></strong></p>



<ul class="wp-block-list">
<li>Nous référençons les travaux ? en cours et à venir, <a href="https://uhqeb-grenoble.fr/category/travaux">lien vers articles &#8220;Travaux&#8221;</a> pour être redirigé vers nos derniers articles à ce sujet. </li>
</ul>



<ul class="wp-block-list">
<li>La &#8220;Prévention et la Sécurité&#8221; sont des éléments importants pour conserver un cadre de vie agréable. Nous souhaitons faire un point annuel avec les services de police (PN/PM) d&#8217;une part et avec les associations et institutions impliquées dans la prévention d&#8217;autre part. Nous avons d&#8217;ores et déjà ouvert un outil permettant d&#8217;effectuer des signalements entre voisins. Cliquez-&gt;<a href="https://uhqeb-grenoble.fr/vigilance-citoyenne"> Voisins Vigilants</a> pour en savoir plus. </li>
</ul>



<ul class="wp-block-list">
<li>Nous encourageons l&#8217;entraide et la solidarité entre habitants. Cliquez-&gt; <a href="https://uhqeb-grenoble.fr/entraide-solidarite">Entraide &amp; Solidarité</a> pour rentrer dans le cercle. </li>
</ul>



<p></p>

<p>Notre quartier accueille Carte interactive des commerces (remplissage en cours) : Quelques éléments sur la &#8220;qualité&#8221; du quartier : Nos Actions pour le Cadre de Vie : Nos &#8220;Tour de Quartier&#8221; : Nous effectuons deux &#8220;Tour de Quartier&#8221; par an (vers Juin et Octobre), entre habitants motivés pour : Actions<span class="more-link"><a href="https://uhqeb-grenoble.fr/?page_id=1640">Lire la suite</a></span></p>
